{"text_format":"1","workbook":"xlsx","n_sheets":5,"sheets":["RM6","For CCC","Логика выбора GCR и цоколей","ОЛ old","List"],"not_rendered":{"charts":0,"images":2,"macros":1,"external_links":0,"defined_names":3,"comments":0,"pivot_tables":0},"unopened":[],"bounds":{"document_bytes":16777216,"sheet_cells":100000,"rows_first":2000,"rows_last":500,"rows_between":2000,"halvings":0,"cell_chars":16384,"cell_head_chars":4096},"cells_cut":0,"cells_raw":0,"read":"whole","date_system":"1900"}

{"sheet":"RM6","index":0,"n_rows":242,"n_cols":229,"rows_kept":242,"cut":false,"hidden":false,"merged":[[7,1,7,2],[8,1,8,2],[15,3,15,4],[16,3,16,4],[16,1,16,2],[7,3,7,5],[8,3,8,5],[3,3,3,5],[4,3,4,5],[5,3,5,5],[6,3,6,5],[3,1,3,2],[4,1,4,2],[5,1,5,2],[6,1,6,2],[35,1,35,5],[35,6,35,9],[25,1,25,5],[27,1,27,5],[21,1,21,5],[34,1,34,5],[33,1,33,5],[30,1,30,4],[29,1,29,4],[28,1,28,4],[31,1,31,5],[32,1,32,5],[18,3,18,4],[26,1,26,5],[18,1,18,2],[10,1,10,2],[11,1,11,2],[12,1,12,2],[13,1,13,2],[14,1,14,2],[15,1,15,2],[24,1,24,4],[23,1,23,5],[22,1,22,5],[17,3,17,4],[50,8,50,9],[47,8,47,9],[42,8,42,9],[43,8,43,9],[44,8,44,9],[45,8,45,9],[46,8,46,9],[48,8,48,9],[49,8,49,9],[50,1,50,7],[43,1,43,7],[44,1,44,7],[46,1,46,7],[47,1,47,7],[45,1,45,7],[48,1,48,7],[49,1,49,7],[42,1,42,7],[40,1,40,9],[39,1,39,5],[38,1,38,5],[37,1,37,5]]}
[]
[null,"ОПРОСНЫЙ ЛИСТ НА РАСПРЕДЕЛИТЕЛЬНЫЕ УСТРОЙСТВА RM6"]
[]
[null,"Дата"]
[null,"Наименование организации"]
[null,"Контактное лицо"]
[null,"Телефон"]
[null,"E-mail"]
[null,"Наименование проекта"]
[]
[null,"Количество",null,2]
[null,"Возможность расширения",null,"NE"]
[null,"Ток термической стойкости",null,20,"кА"]
[null,"Номинальный ток ",null,630,"А"]
[null,"Номинальное напряжение",null,10,"кВ",{"$f":"G23&H23&I23&J23","v":"IIDI"}]
[null,"Цоколь",null,"Цоколь 260 мм",null,{"$f":"IF(D16=List!A56,\"V\")","v":false}]
[null,"Устройство релейной защиты",null,"БЭМП",null,{"$f":"IF(D16=List!A57,\"V\")","v":"V"}]
[null,"Трансформатор тока",null,"ТП-ЭК-0,66 М7 АК АП1 170-200/5"]
[null,"Контроль давления элегаза",null,"Нет",null,{"$f":"IF(D16=List!A58,\"V\")","v":false}]
[]
[null,"Характеристики функций"]
[null,"Номера функции (заводская нумерация - справа налево)",null,null,null,null,4,3,2,1]
[null,"Наименование функций",null,null,null,null,"I","I","D","I"]
[null,"Тип подключаемого кабеля",null,null,null,null,"1-фаз","1-фаз","1-фаз","1-фаз"]
[null,"Моторизованный привод",null,null,null,"220 В AC (50 Гц)"]
[null,"Контакты положения (2НО+2НЗ)",null,null,null,null,"+","+","+","+"]
[null,"Контакт сигнализации аварийного отключения (только на ф-ции D,B)",null,null,null,null,"+",null,"+"]
[null,"Контакт запрета вкл-я после авар.откл-я (только на ф-ции с моторизацией)"]
[null,"Независимый расцепитель (только на ф-ции D,B)",null,null,null,"220 В AC (50 Гц)","+",null,"+"]
[null,"Указатель тока короткого замыкания",null,null,null,"Alpha M"]
[null,"Индикатор наличия напряжения",null,null,null,"VPIS V2","+","+","+","+"]
[null,"Трансформаторы тока ТНШЛ 300/5"]
[null,"Трансформаторы тока ТЗРЛ  125"]
[null,"Резистор обогрева",null,null,null,null,"+","+","+","+"]
[null,"Комплект блокировок Ronis (\"I\": R1, R2; \"B\",\"D\":R6, R7, R8; ВН-выкл.нагрузки,ЗР-зазем.разъед-ль)."]
[null,{"$f":"IF((COUNTIF(G35:J35,\"R1 ВН\")+COUNTIF(G35:J35,\"R1 ЗР\")+COUNTIF(G35:J35,\"R2\"))>=1,\"Указать, с какой ф-цией осуществляется взаимная блокировка (пример: ОЛ_2, ф-ция 1)\",\"-\")","v":"-"}]
[null,"Дополнительные опции ТМ:"]
[null,"Контакты положения c доп.выводом на клеммник (ф-ции D/B без мотор-ции и любые ф-ции I)"]
[null,"Комплект модуля телемеханики TOPAZ HVD3 RTU5 (только ф-ция I)"]
[null,"Подготовка под установку комплекта мод. телем. HVD3 RTU5* (только ф-ция I)"]
[null,"(*)В подготовку входит: крепление для установки HVD3, разводка для его подключения, комплект измерит.клемм, вывод проводов в ячейку."]
[null,"Аксессуары:"]
[null,"Наименование",null,null,null,null,null,null,"Количество"]
[null,"Прибор для фазировки кабелей"]
[null,"Прибор для проверки реле VIP 4хх (портативный батарейный модуль)"]
[null,"Комплект расширения (обязательно указывать при соединении двух расширяемых ячеек)"]
[]
[]
[]
[]
[]
[]
[]
[]
[]
[]
[]
[]
[]
[]
[]
[]
[]
[]
[]
[]
[]
[]
[]
[]
[]
[]
[]
[]
[]
[]
[]
[]
[]
[]
[]
[]
[]
[]
[]
[]
[]
[]
[]
[]
[]
[]
[]
[]
[]
[]
[]
[]
[]
[]
[]
[]
[]
[]
[]
[]
[]
[]
[]
[]
[]
[]
[]
[]
[]
[]
[]
[]
[]
[]
[]
[]
[]
[]
[]
[]
[]
[]
[]
[]
[]
[]
[]
[]
[]
[]
[]
[]
[]
[]
[]
[]
[]
[]
[]
[]
[]
[]
[]
[]
[]
[]
[]
[]
[]
[]
[]
[]
[]
[]
[]
[]
[]
[]
[]
[]
[]
[]
[]
[]
[]
[]
[]
[]
[]
[]
[]
[]
[]
[]
[]
[]
[]
[]
[]
[]
[]
[]
[]
[]
[]
[]
[]
[]
[]
[]
[]
[]
[]
[]
[]
[]
[]
[]
[]
[]
[]
[]
[]
[]
[]
[]
[]
[]
[]
[]
[]
[]
[]
[]
[]
[]
[]
[]
[]
[]
[]
[]
[]
[]
[]
[]
[]
[]
[]
[]
[]
[]
[]
[]
[]
[null,null,null,null,null,null,null,null,null,null,null,null,null,null,null,null,null,null,null,null,null,null,null,null,null,null,null,null,null,null,null,null,null,null,null,null,null,null,null,null,null,null,null,null,null,null,null,null,null,null,null,null,null,null,null,null,null,null,null,null,null,null,null,null,null,null,null,null,null,null,null,null,null,null,null,null,null,null,null,null,null,null,null,null,null,null,null,null,null,null,null,null,null,null,null,null,null,null,null,null,null,null,null,null,null,null,null,null,null,null,null,null,null,null,null,null,null,null,null,null,null,null,null,null,null,null,null,null,null,null,null,null,null,null,null,null,null,null,null,null,null,null,null,null,null,null,null,null,null,null,null,null,null,null,null,null,null,null,null,null,null,null,null,null,null,null,null,null,null,null,null,null,null,null,null,null,null,null,null,null,null,null,null,null,null,null,null,null,null,null,null,null,null,null,null,null,null,null,null,null,null,null,null,null,null,null,null,null,null,null,null,null,null,null,null,null,null,null,null,null,null,null,null,null,null,null,null,null,"БЭМП"]

{"sheet":"For CCC","index":1,"n_rows":210,"n_cols":24,"rows_kept":210,"cut":false,"hidden":false,"merged":[]}
[null,"Описание","Референс моноблока"]
[null,"Моноблок RM6 типа","GCR_RM6_NRD_IIDI_0"]
[null,"Кол-во",{"$f":"'RM6'!D11","v":2}]
["№","Описание","ETO reference"]
[1,"Цоколь","51194049FA"]
[null,"Кол-во",{"$f":"IF(C5=0,0,1)","v":1}]
[2,"Прибор для фазировки кабелей","VPI62421"]
[null,"Кол-во",{"$f":"'RM6'!I44","v":0}]
[3,"Прибор для проверки реле VIP 4хх","LV434206 "]
[null,"Кол-во",{"$f":"'RM6'!I45","v":0}]
[4,"Вывод доп. контактов положения","RUAPC0001"]
[null,"Кол-во",{"$f":"COUNTIF('RM6'!G38:J38,\"+\")","v":0}]
[5,"Комплект модуля телемеханики HVD3 RTU5","RUA999000001FA"]
[null,"Кол-во",{"$f":"COUNTIF('RM6'!G39:J39,\"+\")","v":0}]
[6,"Подготовка под установку мод. телем. HVD3 RTU5","RUA999000099"]
[null,"Кол-во",{"$f":"COUNTIF('RM6'!G40:J40,\"+\")","v":0}]
[7,"Резистор обогрева I","51191955FA"]
[null,"Кол-во",{"$f":"COUNTIFS('RM6'!G23:J23,\"I\",'RM6'!G34:J34,\"+\")","v":3}]
[8,"Резистор обогрева D/B","51191955FB"]
[null,"Кол-во",{"$f":"COUNTIFS('RM6'!G23:J23,\"D\",'RM6'!G34:J34,\"+\")+COUNTIFS('RM6'!G23:J23,\"B\",'RM6'!G34:J34,\"+\")","v":1}]
[]
[1]
[2]
[3]
[]
[]
[]
[]
[]
[]
[]
[]
[]
[]
[]
[]
[]
[]
[]
[]
[]
[]
[]
[]
[]
[]
[]
[]
[]
[]
[]
[]
[]
[]
[]
[]
[]
[]
[]
[]
[]
[]
[]
[]
[]
[]
[]
[]
[]
[]
[]
[]
[]
[]
[]
[]
[]
[]
[]
[]
[]
[]
[]
[]
[]
[]
[]
[]
[]
[]
[]
[]
[]
[]
[]
[]
[]
[]
[]
[]
[]
[]
[]
[]
[]
[]
[]
[]
[]
[]
[]
[]
[]
[]
[]
[]
[]
[]
[]
[]
[]
[]
[]
[]
[]
[]
[]
[]
[]
[]
[]
[]
[]
[]
[]
[]
[]
[]
[]
[]
[]
[]
[]
[]
[]
[]
[]
[]
[]
[]
[]
[]
[]
[]
[]
[]
[]
[]
[]
[]
[]
[]
[]
[]
[]
[]
[]
[]
[]
[]
[]
[]
[]
[]
[]
[]
[]
[]
[]
[]
[]
[]
[]
[]
[]
[]
[]
[]
[]
[]
[]
[]
[]
[]
[]
[]
[]
[]
[]
[]
[]
[]
[]
[]
[]
[]
[]
[]
[]
[null,null,null,null,null,null,null,null,null,null,null,null,null,null,null,null,null,null,null,null,null,null,null,"БЭМП"]

{"sheet":"Логика выбора GCR и цоколей","index":2,"n_rows":40,"n_cols":13,"rows_kept":40,"cut":false,"hidden":true,"merged":[]}
[]
[1,"Выбор референса","Описание","Условие 1 (расширяемость)","Условие 2 (тип моноблока)","Кол-во"]
[null,"GCR_RM6_D_B_0","Моноблок RM6","DE","B","см стр.18 в ОЛ",null,null,null,null,"Расширяемость","T18"]
[null,"GCR_RM6_N_B_0","Моноблок RM6","NE","B","см стр.18 в ОЛ",null,null,null,null,"Тип моноблока","X18"]
[null,"GCR_RM6_N_BI_0","Моноблок RM6","NE","BI","см стр.18 в ОЛ",null,null,null,null,"Без цоколя","BC20","V"]
[null,"GCR_RM6_NR_BIBI_0","Моноблок RM6","NE, RE","BIBI","см стр.18 в ОЛ",null,null,null,null,"Цоколь 260","BT20","V"]
[null,"GCR_RM6_D_D_0","Моноблок RM6","DE","D","см стр.18 в ОЛ",null,null,null,null,"Цоколь 520","CQ20","V"]
[null,"GCR_RM6_N_D_0","Моноблок RM6","NE","D","см стр.18 в ОЛ"]
[null,"GCR_RM6_N_DI_0","Моноблок RM6","NE","DI","см стр.18 в ОЛ"]
[null,"GCR_RM6_NR_DIDI_0","Моноблок RM6","NE, RE","DIDI","см стр.18 в ОЛ"]
[null,"GCR_RM6_D_I_0","Моноблок RM6","DE","I","см стр.18 в ОЛ"]
[null,"GCR_RM6_N_I_0","Моноблок RM6","NE","I","см стр.18 в ОЛ"]
[null,"GCR_RM6_NRD_IBI_0","Моноблок RM6","NE, RE, DE","IBI","см стр.18 в ОЛ"]
[null,"GCR_RM6_NRD_IDI_0","Моноблок RM6","NE, RE, DE","IDI","см стр.18 в ОЛ"]
[null,"GCR_RM6_NR_II_0","Моноблок RM6","NE, RE","II","см стр.18 в ОЛ"]
[null,"GCR_RM6_NRD_IIBI_0","Моноблок RM6","NE, RE, DE","IIBI","см стр.18 в ОЛ"]
[null,"GCR_RM6_NRD_IIDI_0","Моноблок RM6","NE, RE, DE","IIDI","см стр.18 в ОЛ"]
[null,"GCR_RM6_NRD_III_0","Моноблок RM6","NE, RE, DE","III","см стр.18 в ОЛ"]
[null,"GCR_RM6_NRD_IIII_0","Моноблок RM6","NE, RE, DE","IIII","см стр.18 в ОЛ"]
[]
[]
[2,"Выбор цоколя - в зависимости от рефа выше и высоты"]
[null,"Референс","Описание","Условие 1 (референс)","Условие 2 (высота)","Кол-во"]
[null,"51194045FA","Цоколь 260мм 1 ф-ция  (DE-I)","GCR_RM6_D_I_0",260,"см стр.18 в ОЛ"]
[null,"51194046FA","Цоколь 260мм 1 ф-ция (кроме DE-I)","GCR_RM6_D_D_0\nGCR_RM6_D_B_0\nGCR_RM6_N_I_0\nGCR_RM6_N_D_0\nGCR_RM6_N_B_0",260,"см стр.18 в ОЛ"]
[null,"51194050FA","Цоколь 520мм 1 ф-ция (DE-I)","GCR_RM6_D_D_0\nGCR_RM6_D_B_0\nGCR_RM6_N_I_0\nGCR_RM6_N_D_0\nGCR_RM6_N_B_0",520,"см стр.18 в ОЛ"]
[null,"51194051FA","Цоколь 520мм 1 ф-ция (кроме DE-I)","GCR_RM6_D_I_0",520,"см стр.18 в ОЛ"]
[null,"51194047FA","Цоколь 260мм 2 ф-ции","GCR_RM6_NR_II_0\nGCR_RM6_N_DI_0\nGCR_RM6_N_BI_0",260,"см стр.18 в ОЛ"]
[null,"51194052FA","Цоколь 520мм 2 ф-ции","GCR_RM6_NR_II_0\nGCR_RM6_N_DI_0\nGCR_RM6_N_BI_0",520,"см стр.18 в ОЛ"]
[null,"51194048FA","Цоколь 260мм 3 ф-ции","GCR_RM6_NRD_IBI_0\nGCR_RM6_NRD_IDI_0\nGCR_RM6_NRD_III_0",260,"см стр.18 в ОЛ"]
[null,"51194053FA","Цоколь 520мм 3 ф-ции","GCR_RM6_NRD_IBI_0\nGCR_RM6_NRD_IDI_0\nGCR_RM6_NRD_III_0",520,"см стр.18 в ОЛ"]
[null,"51194049FA","Цоколь 260мм 4 ф-ции","GCR_RM6_NR_BIBI_0\nGCR_RM6_NR_DIDI_0\nGCR_RM6_NRD_IIBI_0\nGCR_RM6_NRD_IIDI_0\nGCR_RM6_NRD_IIII_0",260,"см стр.18 в ОЛ"]
[null,"51194054FA","Цоколь 520мм 4 ф-ции","GCR_RM6_NR_BIBI_0\nGCR_RM6_NR_DIDI_0\nGCR_RM6_NRD_IIBI_0\nGCR_RM6_NRD_IIDI_0\nGCR_RM6_NRD_IIII_0",520,"см стр.18 в ОЛ"]
[null,"-","Без цоколя","любой","-","-"]
[]
[3,"Выбор кол-ва контактов - в зависимости от кол-ва галочек "]
[null,"Референс","Описание","Кол-во"]
[null,"RUAPC0001","Вывод доп. контактов положения","см.кол-во \"V\" на стр.36 в ОЛ"]
[]
[4,"Указать, с какой ф-цией осуществляется взаимная блокировка (пример:\"ОЛ_2, ф-ция 1\")"]

{"sheet":"ОЛ old","index":3,"n_rows":63,"n_cols":108,"rows_kept":63,"cut":false,"hidden":true,"merged":[[61,63,61,89],[61,99,61,114],[54,99,54,114],[55,8,55,98],[35,8,35,82],[56,8,56,98],[41,83,41,90],[43,8,43,82],[37,8,37,82],[40,107,40,114],[41,91,41,98],[41,99,41,106],[41,107,41,114],[57,8,57,98],[57,99,57,114],[37,83,37,90],[37,91,37,98],[39,8,39,69],[39,70,39,82],[39,83,39,90],[56,99,56,114],[62,7,62,18],[62,19,62,51],[62,52,62,115],[1,2,1,110],[43,83,43,90],[43,91,43,98],[43,99,43,106],[43,107,43,114],[59,7,59,115],[60,7,60,115],[49,7,49,115],[50,7,54,7],[50,8,50,98],[50,115,54,115],[51,8,51,98],[52,8,52,98],[53,99,53,114],[54,8,54,98],[61,8,61,18],[61,19,61,51],[21,69,21,70],[21,71,21,78],[23,39,23,40],[40,99,40,106],[34,107,34,114],[31,60,31,82],[31,83,31,90],[31,91,31,98],[32,83,32,90],[30,99,30,106],[30,91,30,98],[55,99,55,114],[44,8,44,82],[33,60,33,82],[41,8,41,82],[38,8,38,82],[51,99,51,114],[45,8,45,114],[48,7,48,115],[35,107,35,114],[28,7,44,7],[19,94,19,95],[33,83,33,90],[33,91,33,98],[37,107,37,114],[21,39,21,40],[36,107,36,114],[33,107,33,114],[36,8,36,82],[32,99,32,106],[32,107,32,114],[23,41,23,52],[30,70,30,82],[31,8,32,59],[32,60,32,82],[21,54,21,55],[21,56,21,67],[21,82,21,83],[29,83,29,90],[29,91,29,98],[30,8,30,69],[34,8,34,82],[23,54,23,55],[23,56,23,67],[23,82,23,83],[2,0,62,6],[2,7,2,115],[16,7,16,115],[18,7,18,115],[14,7,14,115],[5,54,5,114],[28,8,28,82],[28,107,28,114],[33,99,33,106],[31,99,31,106],[31,107,31,114],[26,7,26,115],[27,7,27,115],[4,54,4,114],[19,54,19,55],[24,7,24,115],[17,13,17,17],[17,19,17,21],[17,23,17,26],[3,28,7,43],[3,44,7,44],[3,45,3,115],[5,7,5,27],[6,7,6,13],[6,14,6,27],[6,45,6,53],[7,7,7,27],[7,45,7,115],[3,7,3,27],[4,7,4,27],[39,99,39,106],[39,107,39,114],[42,83,42,90],[42,91,42,98],[42,99,42,106],[32,91,32,98],[36,91,36,98],[36,83,36,90],[4,45,4,53],[5,45,5,53],[6,54,6,114],[13,7,13,115],[8,7,8,115],[9,7,9,115],[29,8,29,82],[25,7,25,115],[15,7,15,115],[17,7,17,12],[2,116,62,122],[10,7,10,115],[11,74,11,77],[11,7,11,33],[11,34,11,37],[12,81,12,85],[12,86,12,94],[12,95,12,107],[12,108,12,111],[12,112,12,115],[17,60,17,115],[19,8,19,50],[19,96,19,114],[20,7,20,115],[21,8,21,36],[17,57,17,59],[40,83,40,90],[40,91,40,98],[52,99,52,114],[50,99,50,114],[37,99,37,106],[36,99,36,106],[40,8,40,82],[21,41,21,52],[39,129,39,136],[38,83,38,90],[38,91,38,98],[38,99,38,106],[38,107,38,114],[28,115,44,115],[29,99,29,106],[29,107,29,114],[34,83,34,90],[34,91,34,98],[42,107,42,114],[44,83,44,90],[44,91,44,98],[44,99,44,106],[44,107,44,114],[39,91,39,98],[28,83,28,90],[34,99,34,106],[28,91,28,98],[28,99,28,106],[30,107,30,114],[30,83,30,90],[35,91,35,98],[35,99,35,106],[17,35,17,37],[17,38,17,40],[17,41,17,56],[35,83,35,90],[17,28,17,30],[17,31,17,33],[19,56,19,68],[19,71,19,72],[19,73,19,91]]}
[]
[]
[]
[]
[null,null,null,null,null,null,null,"ОПРОСНЫЙ ЛИСТ",null,null,null,null,null,null,null,null,null,null,null,null,null,null,null,null,null,null,null,null,null,null,null,null,null,null,null,null,null,null,null,null,null,null,null,null,null,"Заказчик"]
[null,null,null,null,null,null,null,"ДЛЯ ЗАКАЗА RM6",null,null,null,null,null,null,null,null,null,null,null,null,null,null,null,null,null,null,null,null,null,null,null,null,null,null,null,null,null,null,null,null,null,null,null,null,null,"Адрес"]
[null,null,null,null,null,null,null,"Дата:",null,null,null,null,null,null,null,null,null,null,null,null,null,null,null,null,null,null,null,null,null,null,null,null,null,null,null,null,null,null,null,null,null,null,null,null,null,"Проект",null,null,null,null,null,null,null,null,"Обязательно!"]
[]
[]
[]
[null,null,null,null,null,null,null,"Характеристики сети:"]
[null,null,null,null,null,null,null,"Номинальное напряжение",null,null,null,null,null,null,null,null,null,null,null,null,null,null,null,null,null,null,null,null,null,null,null,null,null,null,10,null,null,null,"кВ",null,null,null,null,null,null,null,null,null,null,null,null,null,"Ток термической стойкости",null,null,null,null,null,null,null,null,null,null,null,null,null,null,null,null,null,null,null,null,null,16,null,null,null,"кА"]
[null,null,null,null,null,null,null,null,null,null,null,null,null,null,null,null,null,null,null,null,null,null,null,null,null,null,null,null,null,null,null,null,null,null,null,null,null,null,null,null,null,null,null,null,null,null,null,null,null,null,null,null,"Номинальный ток сборных шин",null,null,null,null,null,null,null,null,null,null,null,null,null,null,null,null,null,null,null,null,null,null,null,null,null,null,null,null,630,null,null,null,null,"А"]
[]
[]
[]
[null,null,null,null,null,null,null," Характеристики ячейки:"]
[null,null,null,null,null,null,null," Тип:",null,null,null,null,null,"RM6 ",null,null,null,null,null,"NE",null,null,null,{"$f":"CF30&CN30&CV30&DD30","v":"IIDI"},null,null,null,"-",{"$f":"BW12","v":16},null,null,"кА",null,null,null,null,null,null,null,null,null,"Количество",null,null,null,null,null,null,null,null,null,null,null,null,null,null,null,2,null,null,"шт."]
[]
[null,null,null,null,null,null,null,null," Высота точки подсоединения кабеля для I, D, B:",null,null,null,null,null,null,null,null,null,null,null,null,null,null,null,null,null,null,null,null,null,null,null,null,null,null,null,null,null,null,null,null,null,null,null,null,null,null,null,null,null,null,null,null,null,null,null," Без цоколя (703)",null,null,null,null,null,null,null,null,null,null,null,null,null,null,null,null,"Цоколь 260 мм (963)",null,null,null,null,null,null,null,null,null,null,null,null,null,null,null,null,null,null,null,null,"V",null,"Цоколь 520 мм (1223)"]
[]
[null,null,null,null,null,null,null,null,"Устройство релейной защиты:",null,null,null,null,null,null,null,null,null,null,null,null,null,null,null,null,null,null,null,null,null,null,null,null,null,null,null,null,null,null,null,null," VIP 40 100 А",null,null,null,null,null,null,null,null,null,null,null,null,null,null," VIP 45 100 А",null,null,null,null,null,null,null,null,null,null,null,null,"V",null,"VIP 400",null,null,null,null,null,null,null,null,null,null,null,null," VIP 410 A (24-48 В пост.тока)"]
[]
[null,null,null,null,null,null,null,null,null,null,null,null,null,null,null,null,null,null,null,null,null,null,null,null,null,null,null,null,null,null,null,null,null,null,null,null,null,null,null,null,null," VIP 40 200 А",null,null,null,null,null,null,null,null,null,null,null,null,null,null," VIP 45 200 А",null,null,null,null,null,null,null,null,null,null,null,null,null,null,null,null,null,null,null,null,null,null,null,null,null,null,null," VIP 410 E (100-240 В перем.тока)"]
[]
[]
[]
[null,null,null,null,null,null,null," Характеристики функциональных частей:"]
[null,null,null,null,null,null,null,null,"Номер функции (заводская нумерация справа налево)",null,null,null,null,null,null,null,null,null,null,null,null,null,null,null,null,null,null,null,null,null,null,null,null,null,null,null,null,null,null,null,null,null,null,null,null,null,null,null,null,null,null,null,null,null,null,null,null,null,null,null,null,null,null,null,null,null,null,null,null,null,null,null,null,null,null,null,null,null,null,null,null,null,null,4,null,null,null,null,null,null,null,3,null,null,null,null,null,null,null,2,null,null,null,null,null,null,null,1]
[null,null,null,null,null,null,null,null,"Наименование функций ( I, D, B )",null,null,null,null,null,null,null,null,null,null,null,null,null,null,null,null,null,null,null,null,null,null,null,null,null,null,null,null,null,null,null,null,null,null,null,null,null,null,null,null,null,null,null,null,null,null,null,null,null,null,null,null,null,null,null,null,null,null,null,null,null,null,null,null,null,null,null,null,null,null,null,null,null,null,"I",null,null,null,null,null,null,null,"I",null,null,null,null,null,null,null,"D",null,null,null,null,null,null,null,"I"]
[null,null,null,null,null,null,null,null,"Указатель тока короткого замыкания (только на ф-цию I)",null,null,null,null,null,null,null,null,null,null,null,null,null,null,null,null,null,null,null,null,null,null,null,null,null,null,null,null,null,null,null,null,null,null,null,null,null,null,null,null,null,null,null,null,null,null,null,null,null,null,null,null,null,null,null,null,null,null,null,null,null,"Flair 23D",null,null,null,null,null,null,null,null,null,null,null,null,null,null,null,null,null,null,null,null,null,null,null,null,null,null,null,null,null,null,null,null,null,null,null,null,"V"]
[null,null,null,null,null,null,null,null,"Тип кабеля:",null,null,null,null,null,null,null,null,null,null,null,null,null,null,null,null,null,null,null,null,null,null,null,null,null,null,null,null,null,null,null,null,null,null,null,null,null,null,null,null,null,null,null,null,null,null,null,null,null,null,null,"трехфазный"]
[null,null,null,null,null,null,null,null,null,null,null,null,null,null,null,null,null,null,null,null,null,null,null,null,null,null,null,null,null,null,null,null,null,null,null,null,null,null,null,null,null,null,null,null,null,null,null,null,null,null,null,null,null,null,null,null,null,null,null,null,"однофазный",null,null,null,null,null,null,null,null,null,null,null,null,null,null,null,null,null,null,null,null,null,null,null,null,null,null,null,null,null,null,null,null,null,null,null,null,null,null,null,null,null,null,null,null,null,null,"V"]
[null,null,null,null,null,null,null,null,"Моторизованный привод и контакты положения",null,null,null,null,null,null,null,null,null,null,null,null,null,null,null,null,null,null,null,null,null,null,null,null,null,null,null,null,null,null,null,null,null,null,null,null,null,null,null,null,null,null,null,null,null,null,null,null,null,null,null,"220 В перем.тока (50 Гц)",null,null,null,null,null,null,null,null,null,null,null,null,null,null,null,null,null,null,null,null,null,null,null,null,null,null,null,null,null,null,null,null,null,null,null,null,null,null,null,null,null,null,null,null,null,null,"V"]
[null,null,null,null,null,null,null,null,"Контакты положения (2НО+2НЗ, 1 )"]
[null,null,null,null,null,null,null,null,"Контакты положения c доп.выводом контактов на клеммник  (на ф.D/B без моторизации и любые ф.I)"]
[null,null,null,null,null,null,null,null,"Контакт сигнализации аварийного отключения (только на ф. D,B)"]
[null,null,null,null,null,null,null,null,"Блок-контакт запрета включения после авар.отключения (только на ф-ции с мотор-редуктором)"]
[null,null,null,null,null,null,null,null,"Независимый расцепитель, 220 В  50 Гц (только на ф. D,B)"]
[null,null,null,null,null,null,null,null,"Индикатор напряжения на функциональных частях",null,null,null,null,null,null,null,null,null,null,null,null,null,null,null,null,null,null,null,null,null,null,null,null,null,null,null,null,null,null,null,null,null,null,null,null,null,null,null,null,null,null,null,null,null,null,null,null,null,null,null,null,null,null,null,null,null,null,null,null,null,"VPIS V0",null,null,null,null,null,null,null,null,null,null,null,null,null,null,null,null,null,null,null,null,null,null,null,null,null,null,null,null,null,null,null,null,null,null,null,null,"V"]
[null,null,null,null,null,null,null,null,"Резистор обогрева",null,null,null,null,null,null,null,null,null,null,null,null,null,null,null,null,null,null,null,null,null,null,null,null,null,null,null,null,null,null,null,null,null,null,null,null,null,null,null,null,null,null,null,null,null,null,null,null,null,null,null,null,null,null,null,null,null,null,null,null,null,null,null,null,null,null,null,null,null,null,null,null,null,null,null,null,null,null,null,null,null,null,null,null,null,null,null,null,null,null,null,null,null,null,null,null,null,null,"V"]
[null,null,null,null,null,null,null,null,"Комплект блокировок, тип - Ronis",null,null,null,null,null,null,null,null,null,null,null,null,null,null,null,null,null,null,null,null,null,null,null,null,null,null,null,null,null,null,null,null,null,null,null,null,null,null,null,null,null,null,null,null,null,null,null,null,null,null,null,null,null,null,null,null,null,null,null,null,null,null,null,null,null,null,null,null,null,null,null,null,null,null,null,null,null,null,null,null,null,null,null,null,null,null,null,null,null,null,null,null,null,null,null,null,null,null,"R1"]
[null,null,null,null,null,null,null,null,"Комплект модуля телемеханики TOPAZ HVD3 RTU5"]
[null,null,null,null,null,null,null,null,"Подготовка под установку комплекта мод. телем. HVD3 RTU5 *",null,null,null,null,null,null,null,null,null,null,null,null,null,null,null,null,null,null,null,null,null,null,null,null,null,null,null,null,null,null,null,null,null,null,null,null,null,null,null,null,null,null,null,null,null,null,null,null,null,null,null,null,null,null,null,null,null,null,null,null,null,null,null,null,null,null,null,null,null,null,null,null,null,null,null,null,null,null,null,null,null,null,null,null,null,null,null,null,null,null,null,null,null,null,null,null,null,null,"V"]
[null,null,null,null,null,null,null,null,"Ввод параметров телемеханики из ячейки (информация для операторов)"]
[null,null,null,null,null,null,null,null,"(*) В подготовку входит: крепление для установки HVD3, разводка для его подключения, комплект измерительных клемм, вывод проводов в ячейку."]
[]
[]
[]
[null,null,null,null,null,null,null," Дополнительные принадлежности:"]
[null,null,null,null,null,null,null,null,"Наименование",null,null,null,null,null,null,null,null,null,null,null,null,null,null,null,null,null,null,null,null,null,null,null,null,null,null,null,null,null,null,null,null,null,null,null,null,null,null,null,null,null,null,null,null,null,null,null,null,null,null,null,null,null,null,null,null,null,null,null,null,null,null,null,null,null,null,null,null,null,null,null,null,null,null,null,null,null,null,null,null,null,null,null,null,null,null,null,null,null,null,"Количество"]
[null,null,null,null,null,null,null,null,"Прибор для фазировки кабелей",null,null,null,null,null,null,null,null,null,null,null,null,null,null,null,null,null,null,null,null,null,null,null,null,null,null,null,null,null,null,null,null,null,null,null,null,null,null,null,null,null,null,null,null,null,null,null,null,null,null,null,null,null,null,null,null,null,null,null,null,null,null,null,null,null,null,null,null,null,null,null,null,null,null,null,null,null,null,null,null,null,null,null,null,null,null,null,null,null,null,1]
[null,null,null,null,null,null,null,null,"Прибор для проверки реле VIP 4хх (портативный батарейный модуль)",null,null,null,null,null,null,null,null,null,null,null,null,null,null,null,null,null,null,null,null,null,null,null,null,null,null,null,null,null,null,null,null,null,null,null,null,null,null,null,null,null,null,null,null,null,null,null,null,null,null,null,null,null,null,null,null,null,null,null,null,null,null,null,null,null,null,null,null,null,null,null,null,null,null,null,null,null,null,null,null,null,null,null,null,null,null,null,null,null,null,4]
[null,null,null,null,null,null,null,null,"Комплект расширения (обязательно указывать при соединении двух расширяемых ячеек)"]
[null,null,null,null,null,null,null,null,"Комплект стержней для испытания кабелей  (всегда в комплекте)"]
[null,null,null,null,null,null,null,null,"Ручка управления (всегда в комплекте)",null,null,null,null,null,null,null,null,null,null,null,null,null,null,null,null,null,null,null,null,null,null,null,null,null,null,null,null,null,null,null,null,null,null,null,null,null,null,null,null,null,null,null,null,null,null,null,null,null,null,null,null,null,null,null,null,null,null,null,null,null,null,null,null,null,null,null,null,null,null,null,null,null,null,null,null,null,null,null,null,null,null,null,null,null,null,null,null,null,null,1]
[]
[]
[]
[]
[]
[null,null,null,null,null,null,null,null,"Заполнил:",null,null,null,null,null,null,null,null,null,null,null,null,null,null,null,null,null,null,null,null,null,null,null,null,null,null,null,null,null,null,null,null,null,null,null,null,null,null,null,null,null,null,null,"Должность",null,null,null,null,null,null,null,null,null,null,null,null,null,null,null,null,null,null,null,null,null,null,null,null,null,null,null,null,null,null,null,null,null,null,null,null,null,"Телефон"]
[null,null,null,null,null,null,null,null,null,null,null,null,null,null,null,null,null,null,null,"Ф.И.О."]

{"sheet":"List","index":4,"n_rows":76,"n_cols":3,"rows_kept":76,"cut":false,"hidden":true,"merged":[]}
["УТКЗ"]
["Flair 21D"]
["Flair 22D"]
["Flair 23D"]
["Flair 23DM"]
["Alpha M"]
["Alpha E"]
[]
["Индикатор наличия напряжения"]
["VPIS V2"]
["VPIS V2 VO"]
["VPIS V3 VO"]
[]
["Номинальное напряжение"]
[6]
[10]
[20]
[]
["Ток терм.стойкости"]
[16]
[20]
[]
["Ном.ток"]
[200]
[630]
[]
[]
["Наибольшее рабочее напряжение"]
[24]
[]
["Функции"]
["I"]
["D"]
["B"]
[]
["Расширение"]
["NE"]
["RE"]
["DE"]
[]
[]
[]
["Блокировки"]
["R1 ВН","I","доступно ШЭЗЭМ"]
["R1 ЗР","I"]
["R2","I","доступно ШЭЗЭМ"]
["R6","D,B","доступно ШЭЗЭМ"]
["R7","D,B"]
["R8","D,B"]
[]
["Моторизация"]
["220 В AC (50 Гц)"]
["24 В DC"]
["48 В DC"]
[]
["Без цоколя"]
["Цоколь 260 мм"]
["Цоколь 520 мм"]
[]
["Нет"]
["VIP 40 100 А"]
["VIP 40 200 А"]
["VIP 45 100 А"]
["VIP 45 200 А"]
["VIP 400"]
["VIP 410 A (24-48 В DC)"]
["VIP 410 E (100-240 В AC)"]
[]
["+"]
[]
["1-фаз"]
["3-фаз"]
[]
["Нет"]
["Манометр"]
["Датчик давления"]